 factors of 1770819406?
2, 149, 5942347
List the prime factors of 771621206.
2, 385810603
What are the prime factors of 125386971?
3, 31, 1348247
What are the prime factors of 1521074864?
2, 17, 5592187
List the prime factors of 2186097.
3, 728699
What are the prime factors of 152849814?
2, 3, 13, 263, 7451
What are the prime factors of 160163945?
5, 193, 269, 617
List the prime factors of 108880861.
108880861
List the prime factors of 17927795.
5, 37, 96907
List the prime factors of 268481921.
23, 179, 65213
What are the prime factors of 115404542?
2, 11, 827, 6343
What are the prime factors of 338553810?
2, 3, 5, 7, 17, 41, 257
What are the prime factors of 135207709?
7, 13, 31, 41, 167
What are the prime factors of 3001593629?
43, 69804503
List the prime factors of 482507.
482507
What are the prime factors of 1989862088?
2, 457, 544273
List the prime factors of 2139715467.
3, 47, 1686143
List the prime factors of 65937151.
7, 9419593
List the prime factors of 211053184.
2, 29, 56857
List the prime factors of 154115185.
5, 7, 4403291
What are the prime factors of 251083849?
31, 1307, 6197
What are the prime factors of 28509251?
28509251
List the prime factors of 861310614.
2, 3, 29, 79, 62659
What are the prime factors of 438200623?
7, 23, 619, 4397
What are the prime factors of 3335177552?
2, 7, 4254053
What are the prime factors of 46107042?
2, 3, 23, 29, 41, 281
What are the prime factors of 1944260811?
3, 17, 233, 54539
What are the prime factors of 1155787632?
2, 3, 19, 31, 13627
What are the prime factors of 55590428?
2, 19, 37, 53, 373
List the prime factors of 18717546.
2, 3, 19, 113, 1453
List the prime factors of 5175411140.
2, 5, 19, 41, 332183
List the prime factors of 22115755.
5, 757, 5843
What are the prime factors of 7941265?
5, 1588253
What are the prime factors of 211531346?
2, 13, 8135821
What are the prime factors of 3464571375?
3, 5, 3079619
What are the prime factors of 7290365?
5, 17, 199, 431
List the prime factors of 42453804.
2, 3, 59, 61, 983
What are the prime factors of 181501873?
7, 709, 36571
List the prime factors of 55742749.
43, 1296343
What are the prime factors of 43781999?
367, 119297
What are the prime factors of 5436807682?
2, 173, 15713317
List the prime factors of 7267890775.
5, 1973, 147347
What are the prime factors of 8169933734?
2, 307, 13306081
List the prime factors of 109419893.
11, 89, 111767
List the prime factors of 283845512.
2, 35480689
List the prime factors of 1115655296.
2, 7, 23, 43, 1259
What are the prime factors of 3473046120?
2, 3, 5, 1543, 18757
List the prime factors of 180038339.
13, 41, 149, 2267
List the prime factors of 356424362.
2, 7, 389, 65447
What are the prime factors of 15532489?
7, 37, 59971
List the prime factors of 1714000776.
2, 3, 71, 293, 3433
What are the prime factors of 742996790?
2, 5, 821, 90499
What are the prime factors of 328154789?
4967, 66067
What are the prime factors of 829225944?
2, 3, 31, 37, 3347
List the prime factors of 381677932.
2, 29, 131, 25117
List the prime factors of 48403262.
2, 29, 439, 1901
What are the prime factors of 2334314082?
2, 3, 43, 9047729
List the prime factors of 399992967.
3, 11, 89, 4127
List the prime factors of 88521444.
2, 3, 11, 269, 277
List the prime factors of 2981.
11, 271
List the prime factors of 4183485953.
17, 43, 101, 56663
What are the prime factors of 250867034?
2, 11, 11403047
List the prime factors of 1514103319.
67, 22598557
What are the prime factors of 31464434?
2, 2213, 7109
What are the prime factors of 370668006?
2, 3, 20592667
List the prime factors of 493932297.
3, 17, 9684947
What are the prime factors of 104669930?
2, 5, 1487, 7039
List the prime factors of 18911523.
3, 6303841
List the prime factors of 193523119.
29, 1847, 3613
List the prime factors of 264991936.
2, 11, 19, 1801
What are the prime factors of 716832517?
103, 229, 30391
List the prime factors of 4190522101.
28463, 147227
List the prime factors of 439687984.
2, 27480499
What are the prime factors of 80850491?
19, 191, 22279
List the prime factors of 711332881.
7, 37, 2746459
What are the prime factors of 96123522?
2, 3, 11, 1456417
What are the prime factors of 351000495?
3, 5, 1117, 6983
List the prime factors of 18550825.
5, 17, 43649
What are the prime factors of 3199838164?
2, 799959541
List the prime factors of 764535392.
2, 31, 67, 11503
What are the prime factors of 4007099091?
3, 31, 43087087
What are the prime factors of 446542368?
2, 3, 4651483
What are the prime factors of 238046701?
238046701
What are the prime factors of 285606092?
2, 137, 521179
List the prime factors of 198296.
2, 7, 3541
List the prime factors of 263773313.
2377, 110969
What are the prime factors of 137632740?
2, 3, 5, 7, 67, 73
What are the prime factors of 723172128?
2, 3, 7, 919, 1171
List the prime factors of 22330157.
3797, 5881
What are the prime factors of 140820274?
2, 7, 2749, 3659
What are the prime factors of 5049062024?
2, 23143, 27271
What are the prime factors of 360708756?
2, 3, 157, 191459
What are the prime factors of 269349767?
29, 439, 21157
What are the prime factors of 3453908923?
2437, 1417279
What are the prime factors of 4624603155?
3, 5, 2129, 48271
List the prime factors of 46313511.
3, 263, 58699
What are the prime factors of 3946775017?
239, 16513703
List the prime factors of 77119447.
617, 124991
List the prime factors of 275003899.
275003899
List the prime factors of 372422058.
2, 3, 367, 169129
List the prime factors of 91907007.
3, 89, 344221
List the prime factors of 2472923395.
5, 103, 4801793
What are the prime factors of 196540505?
5, 7, 59, 95177
What are the prime factors of 292259655?
3, 5, 6494659
List the prime factors of 263618812.
2, 65904703
What are the prime factors of 271537782?
2, 3, 45256297
List the prime factors of 27696722.
2, 151, 91711
List the prime factors of 596839470.
2, 3, 5, 79, 251831
List the prime factors of 123477228.
2, 3, 7, 489989
List the prime factors of 12647744.
2, 197621
What are the prime factors of 312662810?
2, 5, 17, 983, 1871
What are the prime factors of 45889553?
163, 281531
List the prime factors of 137470515.
3, 5, 7, 13, 61, 127
What are the prime factors of 441171170?
2, 5, 11, 4010647
List the prime factors of 310090681.
310090681
List the prime factors of 407327480.
2, 5, 7, 17, 83, 1031
What are the prime factors of 7318878?
2, 3, 7, 174259
What are the prime factors of 163380874?
2, 53, 439, 3511
What are the prime factors of 2839860?
2, 3, 5, 1753
What are the prime factors of 445420932?
2, 3, 11, 157, 21493
List the prime factors of 1201596498.
2, 3, 23, 29, 73, 457
List the prime factors of 563136744.
2, 3, 19, 37, 33377
What are the prime factors of 5210012150?
2, 5, 7, 599, 24851
What are the prime factors of 300060406?
2, 150030203
List the prime factors of 161882405.
5, 53, 610877
What are the prime factors of 59270371?
571, 103801
What are the prime factors of 59667318?
2, 3, 373, 8887
What are the prime factors of 504624444?
2, 3, 1747, 24071
What are the prime factors of 48956491?
293, 167087
List the prime factors of 24185188.
2, 29, 208493
What are the prime factors of 3584421650?
2, 5, 919, 78007
What are the prime factors of 150054855?
3, 5, 10003657
What are the prime factors of 3777870552?
2, 3, 31, 5077783
What are the prime factors of 5386383?
3, 598487
List the prime factors of 50024850.
2, 3, 5, 167, 1997
List the prime factors of 2317845409.
11, 210713219
List the prime factors of 2393456703.
3, 11, 37, 571, 3433
What are the prime factors of 38244137?
79, 577, 839
What are the prime factors of 52814033?
52814033
List the prime factors of 395175389.
7, 47, 1201141
List the prime factors of 54003742.
2, 13, 29, 67, 1069
List the prime factors of 364500141.
3, 199, 610553
List the prime factors of 1731279244.
2, 43, 59, 170603
List the prime factors of 243962416.
2, 15247651
List the prime factors of 2400803707.
6899, 347993
What are the prime factors of 4866595?
5, 761, 1279
List the prime factors of 153492129.
3, 7, 31, 78593
List the prime factors of 51433853.
1129, 45557
What are the prime factors of 286882745?
5, 3607, 15907
List the prime factors of 69349925.
5, 2773997
What are the prime factors of 522633590?
2, 5, 101, 517459
What 